{"id":6292,"date":"2023-09-21T02:28:01","date_gmt":"2023-09-21T02:28:01","guid":{"rendered":"https:\/\/www.conradpuntademita.com\/?post_type=editorial&#038;p=6292"},"modified":"2025-07-17T09:12:01","modified_gmt":"2025-07-17T09:12:01","slug":"verano-en-punta-de-mita-3","status":"publish","type":"editorial","link":"https:\/\/www.conradpuntademita.com\/es\/blog\/verano-en-punta-de-mita-3\/","title":{"rendered":"Conoce a Cuco, el Pescador de Punta de Mita"},"content":{"rendered":"<section id=\"banner-block_c08ad18c89576f1edb8d0166123e54df\" class=\"banner gradient-banner single-room\">\n  <div class=\"banner-wrapper\">\n          <img decoding=\"async\" src=\"https:\/\/cdn.conradpuntademita.com\/wp-content\/uploads\/2023\/07\/24051325\/Conrad-_StudioCaribe-DSC04345-scaled.webp\" alt=\"_Conrad _StudioCaribe DSC04345\" class=\"banner__img banner__media\">\n      <\/div>\n\n      <div class=\"banner-content\">\n              <h2 class=\"banner-title heading1\">\u2014 Conoce a Cuco \u2014<\/h2>\n      \n              <h3 class=\"banner-subtitle heading5\">el pescador de punta de mita<\/h3>\n              \n      \n<\/section>\n\n\n<section id=\"responsive-spacer-block_2de9b0126f7b6e565009806309f22dd4\" class=\"responsive-spacer\">\n<\/section>\n<style>\n  #responsive-spacer-block_2de9b0126f7b6e565009806309f22dd4 {\n    width: 100%;\n  }\n\n  #responsive-spacer-block_2de9b0126f7b6e565009806309f22dd4 {\n    height: 120px;\n  }\n\n  @media (min-width: 769px) {\n    #responsive-spacer-block_2de9b0126f7b6e565009806309f22dd4 {\n      height: 53px;\n    }\n  }\n\n  @media (min-width: 1201px) {\n    #responsive-spacer-block_2de9b0126f7b6e565009806309f22dd4 {\n      height: 125px;\n    }\n  }\n\n  <\/style>\n\n\n\t<section class=\"media-content body-wrapper not-link\" id=\"banner-block_0f8201974300a36060dd7bcaea548380\">\n\t<div class=\"media-content__left\">\n\t\t\t\t\n\t\t\n\t\t\n\t\t\t\t<div class=\"media-content__text a-up a-delay-2\"><p>Cuco todav\u00eda sonr\u00ede al recordar el d\u00eda en que toda la playa estall\u00f3 en v\u00edtores.<br><br>\r\n\r\nUn pescador local que naci\u00f3 y creci\u00f3 aqu\u00ed en Nayarit, pasa la mayor parte de sus d\u00edas, y tambi\u00e9n algunas noches, navegando en las aguas de la Bah\u00eda de Banderas con la esperanza de pescar.<br><br>\r\n\r\nLubina, pargo, at\u00fan, mahi mahi: todos nadan libremente en las aguas color cobalto que bordean la costa de Nayarit.<br><br><br>\r\n\r\nEn este d\u00eda en particular, Cuco pas\u00f3 la ma\u00f1ana pescando pescado fresco y luego parti\u00f3 en autom\u00f3vil desde la costa de Conrad Punta de Mita para llevar el pescado directamente a la playa para una barbacoa zarandeado en la playa.<br><br><br>\r\n\r\nSin embargo, el oleaje hab\u00eda crecido bastante y ser\u00eda demasiado complicado maniobrar su barco entre las olas rompientes. Cuco, sin embargo, hab\u00eda visto esto antes, as\u00ed que carg\u00f3 su pez en una bolsa, dej\u00f3 el bote a cargo de su compa\u00f1ero, salt\u00f3 por la borda, agarr\u00f3 la bolsa y nad\u00f3 el pez hasta la orilla.<br><br><br>\r\n\r\nAl ver la dedicaci\u00f3n del pescador, todo el grupo que se hab\u00eda reunido para la comida lanz\u00f3 un estruendoso aplauso. All\u00ed, de pie, con el sol sobre los hombros, entreg\u00f3 el pescado reci\u00e9n pescado al chef, quien r\u00e1pidamente se puso a cubrirlo con especias y a cocinarlo sobre la arena. Asado lentamente sobre una llama abierta al estilo zarandeado local, la preparaci\u00f3n es una de las favoritas de los invitados y tambi\u00e9n el estilo favorito de Cuco.\r\n<\/p><\/div>\n\t\t\n\t\t\t<\/div>\n\n\t<div class=\"media-content__right hover-images a-up a-delay-2\">\n\t\t<span class=\"media-content__gradient media-content__gradient-left\"><\/span>\n\t\t<span class=\"media-content__gradient media-content__gradient-right\"><\/span>\n\t\t<span class=\"media-content__gradient media-content__gradient-top\"><\/span>\n\t\t<span class=\"media-content__gradient media-content__gradient-bottom\"><\/span>\n\t\t\t\t\t\t\t<img decoding=\"async\" width=\"1500\" height=\"1000\" src=\"https:\/\/cdn.conradpuntademita.com\/wp-content\/uploads\/2023\/07\/24051848\/fish.webp\" class=\"hover-image is-hovered\" alt=\"pesca\" loading=\"lazy\" srcset=\"https:\/\/cdn.conradpuntademita.com\/wp-content\/uploads\/2023\/07\/24051848\/fish.webp 1500w, https:\/\/cdn.conradpuntademita.com\/wp-content\/uploads\/2023\/07\/24051848\/fish-300x200.jpg 300w, https:\/\/cdn.conradpuntademita.com\/wp-content\/uploads\/2023\/07\/24051848\/fish-1024x683.jpg 1024w, https:\/\/cdn.conradpuntademita.com\/wp-content\/uploads\/2023\/07\/24051848\/fish-768x512.jpg 768w, https:\/\/cdn.conradpuntademita.com\/wp-content\/uploads\/2023\/07\/24051848\/fish-18x12.jpg 18w, https:\/\/cdn.conradpuntademita.com\/wp-content\/uploads\/2023\/07\/24051848\/fish-600x400.jpg 600w\" sizes=\"auto, (max-width: 1500px) 100vw, 1500px\" \/>\t\t\t\t\t<\/div>\n\n\t\t<\/section>\n\n\n<section id=\"responsive-spacer-block_190ff53739f1852eadee8c235813d45f\" class=\"responsive-spacer\">\n<\/section>\n<style>\n  #responsive-spacer-block_190ff53739f1852eadee8c235813d45f {\n    width: 100%;\n  }\n\n  #responsive-spacer-block_190ff53739f1852eadee8c235813d45f {\n    height: 50px;\n  }\n\n  @media (min-width: 769px) {\n    #responsive-spacer-block_190ff53739f1852eadee8c235813d45f {\n      height: 80px;\n    }\n  }\n\n  @media (min-width: 1201px) {\n    #responsive-spacer-block_190ff53739f1852eadee8c235813d45f {\n      height: 80px;\n    }\n  }\n\n  <\/style>","protected":false},"excerpt":{"rendered":"<p>Un pescador local que naci\u00f3 y creci\u00f3 aqu\u00ed en Nayarit, pasa la mayor parte de sus d\u00edas, y tambi\u00e9n algunas noches, navegando en las aguas de la Bah\u00eda de Banderas con la esperanza de pescar.\u00a0\u00a0<\/p>","protected":false},"featured_media":6577,"parent":0,"menu_order":0,"template":"","meta":{"_acf_changed":false,"inline_featured_image":false},"editorial_category":[77,79],"class_list":["post-6292","editorial","type-editorial","status-publish","has-post-thumbnail","hentry","editorial_category-resort","editorial_category-dining"],"acf":[],"publishpress_future_workflow_manual_trigger":{"enabledWorkflows":[]},"_links":{"self":[{"href":"https:\/\/www.conradpuntademita.com\/es\/wp-json\/wp\/v2\/editorial\/6292","targetHints":{"allow":["GET"]}}],"collection":[{"href":"https:\/\/www.conradpuntademita.com\/es\/wp-json\/wp\/v2\/editorial"}],"about":[{"href":"https:\/\/www.conradpuntademita.com\/es\/wp-json\/wp\/v2\/types\/editorial"}],"wp:featuredmedia":[{"embeddable":true,"href":"https:\/\/www.conradpuntademita.com\/es\/wp-json\/wp\/v2\/media\/6577"}],"wp:attachment":[{"href":"https:\/\/www.conradpuntademita.com\/es\/wp-json\/wp\/v2\/media?parent=6292"}],"wp:term":[{"taxonomy":"editorial_category","embeddable":true,"href":"https:\/\/www.conradpuntademita.com\/es\/wp-json\/wp\/v2\/editorial_category?post=6292"}],"curies":[{"name":"wp","href":"https:\/\/api.w.org\/{rel}","templated":true}]}}

<section id="banner-block_c08ad18c89576f1edb8d0166123e54df" class="banner gradient-banner single-room">
  <div class="banner-wrapper">
          <img decoding="async" src="https://cdn.conradpuntademita.com/wp-content/uploads/2023/07/24051325/Conrad-_StudioCaribe-DSC04345-scaled.webp" alt="_Conrad _StudioCaribe DSC04345" class="banner__img banner__media">
      </div>

      <div class="banner-content">
              <h2 class="banner-title heading1">— Conoce a Cuco —</h2>
      
              <h3 class="banner-subtitle heading5">el pescador de punta de mita</h3>
              
      
</section>


<section id="responsive-spacer-block_2de9b0126f7b6e565009806309f22dd4" class="responsive-spacer">
</section>
<style>
  #responsive-spacer-block_2de9b0126f7b6e565009806309f22dd4 {
    width: 100%;
  }

  #responsive-spacer-block_2de9b0126f7b6e565009806309f22dd4 {
    height: 120px;
  }

  @media (min-width: 769px) {
    #responsive-spacer-block_2de9b0126f7b6e565009806309f22dd4 {
      height: 53px;
    }
  }

  @media (min-width: 1201px) {
    #responsive-spacer-block_2de9b0126f7b6e565009806309f22dd4 {
      height: 125px;
    }
  }

  </style>


	<section class="media-content body-wrapper not-link" id="banner-block_0f8201974300a36060dd7bcaea548380">
	<div class="media-content__left">
				
		
		
				<div class="media-content__text a-up a-delay-2"><p>Cuco todavía sonríe al recordar el día en que toda la playa estalló en vítores.<br><br>

Un pescador local que nació y creció aquí en Nayarit, pasa la mayor parte de sus días, y también algunas noches, navegando en las aguas de la Bahía de Banderas con la esperanza de pescar.<br><br>

Lubina, pargo, atún, mahi mahi: todos nadan libremente en las aguas color cobalto que bordean la costa de Nayarit.<br><br><br>

En este día en particular, Cuco pasó la mañana pescando pescado fresco y luego partió en automóvil desde la costa de Conrad Punta de Mita para llevar el pescado directamente a la playa para una barbacoa zarandeado en la playa.<br><br><br>

Sin embargo, el oleaje había crecido bastante y sería demasiado complicado maniobrar su barco entre las olas rompientes. Cuco, sin embargo, había visto esto antes, así que cargó su pez en una bolsa, dejó el bote a cargo de su compañero, saltó por la borda, agarró la bolsa y nadó el pez hasta la orilla.<br><br><br>

Al ver la dedicación del pescador, todo el grupo que se había reunido para la comida lanzó un estruendoso aplauso. Allí, de pie, con el sol sobre los hombros, entregó el pescado recién pescado al chef, quien rápidamente se puso a cubrirlo con especias y a cocinarlo sobre la arena. Asado lentamente sobre una llama abierta al estilo zarandeado local, la preparación es una de las favoritas de los invitados y también el estilo favorito de Cuco.
</p></div>
		
			</div>

	<div class="media-content__right hover-images a-up a-delay-2">
		<span class="media-content__gradient media-content__gradient-left"></span>
		<span class="media-content__gradient media-content__gradient-right"></span>
		<span class="media-content__gradient media-content__gradient-top"></span>
		<span class="media-content__gradient media-content__gradient-bottom"></span>
							<img decoding="async" width="1500" height="1000" src="https://cdn.conradpuntademita.com/wp-content/uploads/2023/07/24051848/fish.webp" class="hover-image is-hovered" alt="pesca" loading="lazy" srcset="https://cdn.conradpuntademita.com/wp-content/uploads/2023/07/24051848/fish.webp 1500w, https://cdn.conradpuntademita.com/wp-content/uploads/2023/07/24051848/fish-300x200.jpg 300w, https://cdn.conradpuntademita.com/wp-content/uploads/2023/07/24051848/fish-1024x683.jpg 1024w, https://cdn.conradpuntademita.com/wp-content/uploads/2023/07/24051848/fish-768x512.jpg 768w, https://cdn.conradpuntademita.com/wp-content/uploads/2023/07/24051848/fish-18x12.jpg 18w, https://cdn.conradpuntademita.com/wp-content/uploads/2023/07/24051848/fish-600x400.jpg 600w" sizes="auto, (max-width: 1500px) 100vw, 1500px" />					</div>

		</section>


<section id="responsive-spacer-block_190ff53739f1852eadee8c235813d45f" class="responsive-spacer">
</section>
<style>
  #responsive-spacer-block_190ff53739f1852eadee8c235813d45f {
    width: 100%;
  }

  #responsive-spacer-block_190ff53739f1852eadee8c235813d45f {
    height: 50px;
  }

  @media (min-width: 769px) {
    #responsive-spacer-block_190ff53739f1852eadee8c235813d45f {
      height: 80px;
    }
  }

  @media (min-width: 1201px) {
    #responsive-spacer-block_190ff53739f1852eadee8c235813d45f {
      height: 80px;
    }
  }

  </style>

<p>Un pescador local que nació y creció aquí en Nayarit, pasa la mayor parte de sus días, y también algunas noches, navegando en las aguas de la Bahía de Banderas con la esperanza de pescar.  </p>
