{"id":2372,"date":"2022-05-26T18:04:19","date_gmt":"2022-05-26T18:04:19","guid":{"rendered":"https:\/\/www.conradpuntademita.com\/?post_type=venue&#038;p=2372"},"modified":"2025-06-02T13:05:12","modified_gmt":"2025-06-02T13:05:12","slug":"xiriki-junior-salon-de-baile","status":"publish","type":"venue","link":"https:\/\/www.conradpuntademita.com\/es\/reuniones-eventos\/xiriki-junior-salon-de-baile\/","title":{"rendered":"Sala de Reuniones Xiriki"},"content":{"rendered":"<section id=\"banner-block_d988a6fc4987724912c4f6333e9abc35\" class=\"banner gradient-banner full-height-banner full-height single-room\">\n  <div class=\"banner-wrapper\">\n          <img decoding=\"async\" src=\"https:\/\/cdn.conradpuntademita.com\/wp-content\/uploads\/2022\/05\/13124655\/PVRPMCI_Xiriki.webp\" alt=\"PVRPMCI_Xiriki\" class=\"banner__img banner__media\">\n      <\/div>\n\n      <div class=\"banner-content\">\n              <h1 class=\"banner-title heading1\">Sala de Reuniones Xiriki<\/h1>\n      \n              <h3 class=\"banner-subtitle heading5\"> <\/h3>\n              \n      \n<\/section>\n\n\n\n<section class=\"wysiwig body-wrapper half-width\" id=\"wysiwig-block_a82b883d6057bdb4d5476fb27356bb3c\">\n  <p style=\"text-align: center;  width: 75%; margin: 0 auto;\">\n<!-- wp:acf\/request-proposal {\"id\":\"block_6267ae4fc2255\",\"name\":\"acf\/request-proposal\",\"data\":{\"field_6267adfe17cd8\":\"request-proposal\",\"field_6267ae0817cd9\":\"\",\"field_6267adf517cd7\":\"\\u003ch2\\u003eRequest \\u003cem\\u003efor\\u003c\/em\\u003e Proposal\\u003c\/h2\\u003e\",\"field_6267ae1417cda\":\"[contact-form-7 id=\\u0022353\\u0022 title=\\u0022Request Proposal\\u0022]\"},\"align\":\"\",\"mode\":\"edit\"} \/-->\n<\/p>\n<p style=\"text-align: center;  width: 75%; margin: 0 auto;padding-top:20px\">\nPodemos crear un desayuno \u00edntimo para tu fiesta de bodas o una habitaci\u00f3n de preparaci\u00f3n para la novia o el novio. Acceso privado a los jardines del patio.<\/p>\n<\/section>\n\n  <section id=\"gallery\" class=\"slider  slick-slider body-wrapper\">\n    <div class=\"container\">\n      <div class=\"slides slides-images\">\n                  <div class=\"slide\">\n            <div class=\"slide-img\">\n                              <!-- <a href=\"https:\/\/cdn.conradpuntademita.com\/wp-content\/uploads\/2022\/05\/13124655\/PVRPMCI_Xiriki.webp\" data-fancybox=\"gallery\" rel=\"gallery\" data-caption=\"\"> -->\n                <img decoding=\"async\" class=\"lazyload\" src=\"https:\/\/cdn.conradpuntademita.com\/wp-content\/uploads\/2022\/05\/13124655\/PVRPMCI_Xiriki-1200x665.webp\" alt=\"Sal\u00f3n con Mesa y sillas para el evento\">\n                <!-- <\/a> -->\n                                          <svg class=\"slide-caption\" width=\"22\" height=\"24\" viewbox=\"0 0 22 24\" fill=\"none\" xmlns=\"http:\/\/www.w3.org\/2000\/svg\">\n                <path d=\"M11 0L0 6V18.131L11 24L22 18.131V6.065L11 0ZM10 21.2L3.336 17.645L7.537 14.844C8.617 14.125 7.471 12.485 6.294 13.269L2 16.131V8.23L10 12.593V21.2ZM3.133 6.57L10 2.824V7.25C10 8.573 12 8.574 12 7.25V2.835L18.91 6.646L11.005 10.864L3.133 6.57ZM12 12.6L20 8.331V16.131L15.737 13.289C14.556 12.504 13.414 14.144 14.492 14.863L18.664 17.644L12 21.2V12.6Z\" fill=\"white\" \/>\n              <\/svg>\n            <\/div>\n\n            <div class=\"slide-content\">\n                                        <\/div>\n          <\/div>\n                  <div class=\"slide\">\n            <div class=\"slide-img\">\n                              <!-- <a href=\"https:\/\/cdn.conradpuntademita.com\/wp-content\/uploads\/2022\/05\/09213154\/Xiriqui-completo-1.jpg\" data-fancybox=\"gallery\" rel=\"gallery\" data-caption=\"\"> -->\n                <img decoding=\"async\" class=\"lazyload\" src=\"https:\/\/cdn.conradpuntademita.com\/wp-content\/uploads\/2022\/05\/09213154\/Xiriqui-completo-1-1200x665.jpg\" alt=\"Un amplio y espacioso sal\u00f3n cuenta con cortinas grises que cuelgan de las amplias ventanas de vidrio.\">\n                <!-- <\/a> -->\n                                          <svg class=\"slide-caption\" width=\"22\" height=\"24\" viewbox=\"0 0 22 24\" fill=\"none\" xmlns=\"http:\/\/www.w3.org\/2000\/svg\">\n                <path d=\"M11 0L0 6V18.131L11 24L22 18.131V6.065L11 0ZM10 21.2L3.336 17.645L7.537 14.844C8.617 14.125 7.471 12.485 6.294 13.269L2 16.131V8.23L10 12.593V21.2ZM3.133 6.57L10 2.824V7.25C10 8.573 12 8.574 12 7.25V2.835L18.91 6.646L11.005 10.864L3.133 6.57ZM12 12.6L20 8.331V16.131L15.737 13.289C14.556 12.504 13.414 14.144 14.492 14.863L18.664 17.644L12 21.2V12.6Z\" fill=\"white\" \/>\n              <\/svg>\n            <\/div>\n\n            <div class=\"slide-content\">\n                                        <\/div>\n          <\/div>\n              <\/div>\n    <\/div>\n  <\/section>\n\n\n\n\t<section class=\"media-content body-wrapper align-center not-link\" id=\"catering\">\n\t<div class=\"media-content__left\">\n\t\t\t\t<h2 class=\"heading2 a-up\">\n\t\t\tCatering\t\t\t\t\t<\/h2>\n\t\t\t\t\t\t\t<h4 class=\"media-content__subheading a-up a-delay-1\">Inspirado localmente<\/h4>\n\t\t\n\t\t\n\t\t\n\t\t\t\t<div class=\"media-content__text a-up a-delay-2\"><p>Una colorida expresi\u00f3n de la rica historia y el misterio de Punta de Mita, nuestro personal culinario mezcla lo antiguo con lo nuevo en un viaje gastron\u00f3mico a trav\u00e9s de los sabores, tradiciones e historias de la regi\u00f3n. Con la verdadera hospitalidad mexicana, perm\u00edtanos personalizar completamente su experiencia gastron\u00f3mica, desde c\u00f3cteles personalizados hasta cenas privadas durante su estad\u00eda.<\/p><\/div>\n\t\t\n\t\t\t<\/div>\n\n\t<div class=\"media-content__right hover-images a-up a-delay-2\">\n\t\t<span class=\"media-content__gradient media-content__gradient-left\"><\/span>\n\t\t<span class=\"media-content__gradient media-content__gradient-right\"><\/span>\n\t\t<span class=\"media-content__gradient media-content__gradient-top\"><\/span>\n\t\t<span class=\"media-content__gradient media-content__gradient-bottom\"><\/span>\n\t\t\t\t\t\t\t<img decoding=\"async\" width=\"581\" height=\"735\" src=\"https:\/\/cdn.conradpuntademita.com\/wp-content\/uploads\/2022\/04\/13124809\/Screen-Shot-2022-02-15-at-9.41-1.jpg\" class=\"hover-image is-hovered\" alt=\"Bocadillos guardados en el plato\" loading=\"lazy\" srcset=\"https:\/\/cdn.conradpuntademita.com\/wp-content\/uploads\/2022\/04\/13124809\/Screen-Shot-2022-02-15-at-9.41-1.jpg 581w, https:\/\/cdn.conradpuntademita.com\/wp-content\/uploads\/2022\/04\/13124809\/Screen-Shot-2022-02-15-at-9.41-1-237x300.jpg 237w\" sizes=\"auto, (max-width: 581px) 100vw, 581px\" \/>\t\t\t\t\t<\/div>\n\n\t\t<\/section>","protected":false},"excerpt":{"rendered":"<p>Podemos crear un desayuno \u00edntimo para tu fiesta de bodas o una habitaci\u00f3n de preparaci\u00f3n para la novia o el novio. Acceso privado a los jardines del patio.<\/p>","protected":false},"featured_media":1476,"parent":0,"menu_order":6,"template":"","meta":{"_acf_changed":true,"inline_featured_image":false},"venue_category":[38],"class_list":["post-2372","venue","type-venue","status-publish","has-post-thumbnail","hentry","venue_category-wedding"],"acf":[],"publishpress_future_workflow_manual_trigger":{"enabledWorkflows":[]},"_links":{"self":[{"href":"https:\/\/www.conradpuntademita.com\/es\/wp-json\/wp\/v2\/venue\/2372","targetHints":{"allow":["GET"]}}],"collection":[{"href":"https:\/\/www.conradpuntademita.com\/es\/wp-json\/wp\/v2\/venue"}],"about":[{"href":"https:\/\/www.conradpuntademita.com\/es\/wp-json\/wp\/v2\/types\/venue"}],"wp:featuredmedia":[{"embeddable":true,"href":"https:\/\/www.conradpuntademita.com\/es\/wp-json\/wp\/v2\/media\/1476"}],"wp:attachment":[{"href":"https:\/\/www.conradpuntademita.com\/es\/wp-json\/wp\/v2\/media?parent=2372"}],"wp:term":[{"taxonomy":"venue_category","embeddable":true,"href":"https:\/\/www.conradpuntademita.com\/es\/wp-json\/wp\/v2\/venue_category?post=2372"}],"curies":[{"name":"wp","href":"https:\/\/api.w.org\/{rel}","templated":true}]}}

<section id="banner-block_d988a6fc4987724912c4f6333e9abc35" class="banner gradient-banner full-height-banner full-height single-room">
  <div class="banner-wrapper">
          <img decoding="async" src="https://cdn.conradpuntademita.com/wp-content/uploads/2022/05/13124655/PVRPMCI_Xiriki.webp" alt="PVRPMCI_Xiriki" class="banner__img banner__media">
      </div>

      <div class="banner-content">
              <h1 class="banner-title heading1">Sala de Reuniones Xiriki</h1>
      
              <h3 class="banner-subtitle heading5"> </h3>
              
      
</section>



<section class="wysiwig body-wrapper half-width" id="wysiwig-block_a82b883d6057bdb4d5476fb27356bb3c">
  <p style="text-align: center;  width: 75%; margin: 0 auto;">
<!-- wp:acf/request-proposal {"id":"block_6267ae4fc2255","name":"acf/request-proposal","data":{"field_6267adfe17cd8":"request-proposal","field_6267ae0817cd9":"","field_6267adf517cd7":"\u003ch2\u003eRequest \u003cem\u003efor\u003c/em\u003e Proposal\u003c/h2\u003e","field_6267ae1417cda":"[contact-form-7 id=\u0022353\u0022 title=\u0022Request Proposal\u0022]"},"align":"","mode":"edit"} /-->
</p>
<p style="text-align: center;  width: 75%; margin: 0 auto;padding-top:20px">
Podemos crear un desayuno íntimo para tu fiesta de bodas o una habitación de preparación para la novia o el novio. Acceso privado a los jardines del patio.</p>
</section>

  <section id="gallery" class="slider  slick-slider body-wrapper">
    <div class="container">
      <div class="slides slides-images">
                  <div class="slide">
            <div class="slide-img">
                              <!-- <a href="https://cdn.conradpuntademita.com/wp-content/uploads/2022/05/13124655/PVRPMCI_Xiriki.webp" data-fancybox="gallery" rel="gallery" data-caption=""> -->
                <img decoding="async" class="lazyload" src="https://cdn.conradpuntademita.com/wp-content/uploads/2022/05/13124655/PVRPMCI_Xiriki-1200x665.webp" alt="Salón con Mesa y sillas para el evento">
                <!-- </a> -->
                                          <svg class="slide-caption" width="22" height="24" viewbox="0 0 22 24" fill="none" xmlns="http://www.w3.org/2000/svg">
                <path d="M11 0L0 6V18.131L11 24L22 18.131V6.065L11 0ZM10 21.2L3.336 17.645L7.537 14.844C8.617 14.125 7.471 12.485 6.294 13.269L2 16.131V8.23L10 12.593V21.2ZM3.133 6.57L10 2.824V7.25C10 8.573 12 8.574 12 7.25V2.835L18.91 6.646L11.005 10.864L3.133 6.57ZM12 12.6L20 8.331V16.131L15.737 13.289C14.556 12.504 13.414 14.144 14.492 14.863L18.664 17.644L12 21.2V12.6Z" fill="white" />
              </svg>
            </div>

            <div class="slide-content">
                                        </div>
          </div>
                  <div class="slide">
            <div class="slide-img">
                              <!-- <a href="https://cdn.conradpuntademita.com/wp-content/uploads/2022/05/09213154/Xiriqui-completo-1.jpg" data-fancybox="gallery" rel="gallery" data-caption=""> -->
                <img decoding="async" class="lazyload" src="https://cdn.conradpuntademita.com/wp-content/uploads/2022/05/09213154/Xiriqui-completo-1-1200x665.jpg" alt="Un amplio y espacioso salón cuenta con cortinas grises que cuelgan de las amplias ventanas de vidrio.">
                <!-- </a> -->
                                          <svg class="slide-caption" width="22" height="24" viewbox="0 0 22 24" fill="none" xmlns="http://www.w3.org/2000/svg">
                <path d="M11 0L0 6V18.131L11 24L22 18.131V6.065L11 0ZM10 21.2L3.336 17.645L7.537 14.844C8.617 14.125 7.471 12.485 6.294 13.269L2 16.131V8.23L10 12.593V21.2ZM3.133 6.57L10 2.824V7.25C10 8.573 12 8.574 12 7.25V2.835L18.91 6.646L11.005 10.864L3.133 6.57ZM12 12.6L20 8.331V16.131L15.737 13.289C14.556 12.504 13.414 14.144 14.492 14.863L18.664 17.644L12 21.2V12.6Z" fill="white" />
              </svg>
            </div>

            <div class="slide-content">
                                        </div>
          </div>
              </div>
    </div>
  </section>



	<section class="media-content body-wrapper align-center not-link" id="catering">
	<div class="media-content__left">
				<h2 class="heading2 a-up">
			Catering					</h2>
							<h4 class="media-content__subheading a-up a-delay-1">Inspirado localmente</h4>
		
		
		
				<div class="media-content__text a-up a-delay-2"><p>Una colorida expresión de la rica historia y el misterio de Punta de Mita, nuestro personal culinario mezcla lo antiguo con lo nuevo en un viaje gastronómico a través de los sabores, tradiciones e historias de la región. Con la verdadera hospitalidad mexicana, permítanos personalizar completamente su experiencia gastronómica, desde cócteles personalizados hasta cenas privadas durante su estadía.</p></div>
		
			</div>

	<div class="media-content__right hover-images a-up a-delay-2">
		<span class="media-content__gradient media-content__gradient-left"></span>
		<span class="media-content__gradient media-content__gradient-right"></span>
		<span class="media-content__gradient media-content__gradient-top"></span>
		<span class="media-content__gradient media-content__gradient-bottom"></span>
							<img decoding="async" width="581" height="735" src="https://cdn.conradpuntademita.com/wp-content/uploads/2022/04/13124809/Screen-Shot-2022-02-15-at-9.41-1.jpg" class="hover-image is-hovered" alt="Bocadillos guardados en el plato" loading="lazy" srcset="https://cdn.conradpuntademita.com/wp-content/uploads/2022/04/13124809/Screen-Shot-2022-02-15-at-9.41-1.jpg 581w, https://cdn.conradpuntademita.com/wp-content/uploads/2022/04/13124809/Screen-Shot-2022-02-15-at-9.41-1-237x300.jpg 237w" sizes="auto, (max-width: 581px) 100vw, 581px" />					</div>

		</section>

<p>Podemos crear un desayuno íntimo para tu fiesta de bodas o una habitación de preparación para la novia o el novio. Acceso privado a los jardines del patio.</p>
