{"id":367,"date":"2022-04-26T14:57:44","date_gmt":"2022-04-26T14:57:44","guid":{"rendered":"https:\/\/www.conradpuntademita.com\/?post_type=venue&#038;p=367"},"modified":"2026-03-19T22:49:46","modified_gmt":"2026-03-19T22:49:46","slug":"salon-de-baile-tukipa","status":"publish","type":"venue","link":"https:\/\/www.conradpuntademita.com\/es\/reuniones-eventos\/salon-de-baile-tukipa\/","title":{"rendered":"Sal\u00f3n Tukipa"},"content":{"rendered":"<section id=\"banner-block_345790eddcfc5d46c2c4d2512dfa825e\" class=\"banner gradient-banner full-height-banner full-height single-room\">\n  <div class=\"banner-wrapper\">\n          <img decoding=\"async\" src=\"https:\/\/cdn.conradpuntademita.com\/wp-content\/uploads\/2022\/04\/15160449\/FAM_INDU_CONRAD-16.webp\" alt=\"FAM_INDU_CONRAD-16\" class=\"banner__img banner__media\">\n      <\/div>\n\n      <div class=\"banner-content\">\n              <h1 class=\"banner-title heading1\">Sal\u00f3n Tukipa<\/h1>\n      \n              <h3 class=\"banner-subtitle heading5\"> <\/h3>\n              \n      \n<\/section>\n\n\n\n<section class=\"wysiwig body-wrapper half-width\" id=\"wysiwig-block_d86103deebe9db6478cd863df81cf6a1\">\n  <p style=\"text-align: center; width: 75%; margin: 0 auto;\"><span style=\"font-weight: 400;\">Entre los salones de baile m\u00e1s grandes de la regi\u00f3n, Tukipa tiene 9,900 pies cuadrados con capacidad para 1,120 asistentes al estilo teatro. El sal\u00f3n de baile se puede subdividir en siete salas m\u00e1s peque\u00f1as, cada una con su propia entrada. Nuestros planificadores de eventos profesionales trabajar\u00e1n con nuestra empresa audiovisual interna para obtener la \u00faltima tecnolog\u00eda y equipos de \u00faltima generaci\u00f3n para satisfacer sus necesidades.<\/span><\/p>\n<p style=\"text-align: center; width: 75%; margin: 0 auto; margin-top:20px\">\n<a class=\"btn btn-secondary\" href=\"mailto:ConciergePuntaDeMita@ConradHotels.com\">Cont\u00e1ctenos<\/a><br \/>\n<\/a><\/p>\n<div style=\"text-align: center; padding-top: 50px; width: 75%; margin: 0 auto;\">\n<h4>CARACTER\u00cdSTICAS DEL LUGAR<\/h4>\n<ul style=\"display: inline-block; text-align: left;margin-top:20px\">\n<li>9,900 pies cuadrados<\/li>\n<li>1,120 invitados<\/li>\n<li>Subdividido en 7 habitaciones \u00a0<\/li>\n<\/ul>\n<\/div>\n<\/section>\n\n  <section id=\"gallery\" class=\"slider  slick-slider body-wrapper\">\n    <div class=\"container\">\n      <div class=\"slides slides-images\">\n                  <div class=\"slide\">\n            <div class=\"slide-img\">\n                              <!-- <a href=\"https:\/\/cdn.conradpuntademita.com\/wp-content\/uploads\/2022\/04\/13124703\/CONRAD-PUNTA-DE-MITA-10123895-e1653612658644.webp\" data-fancybox=\"gallery\" rel=\"gallery\" data-caption=\"\"> -->\n                <img decoding=\"async\" class=\"lazyload\" src=\"https:\/\/cdn.conradpuntademita.com\/wp-content\/uploads\/2022\/04\/13124703\/CONRAD-PUNTA-DE-MITA-10123895-e1653612658644.webp\" alt=\"Sal\u00f3n con sillas para el evento\">\n                <!-- <\/a> -->\n                                          <svg class=\"slide-caption\" width=\"22\" height=\"24\" viewbox=\"0 0 22 24\" fill=\"none\" xmlns=\"http:\/\/www.w3.org\/2000\/svg\">\n                <path d=\"M11 0L0 6V18.131L11 24L22 18.131V6.065L11 0ZM10 21.2L3.336 17.645L7.537 14.844C8.617 14.125 7.471 12.485 6.294 13.269L2 16.131V8.23L10 12.593V21.2ZM3.133 6.57L10 2.824V7.25C10 8.573 12 8.574 12 7.25V2.835L18.91 6.646L11.005 10.864L3.133 6.57ZM12 12.6L20 8.331V16.131L15.737 13.289C14.556 12.504 13.414 14.144 14.492 14.863L18.664 17.644L12 21.2V12.6Z\" fill=\"white\" \/>\n              <\/svg>\n            <\/div>\n\n            <div class=\"slide-content\">\n                                        <\/div>\n          <\/div>\n              <\/div>\n    <\/div>\n  <\/section>\n\n\n\n\t<section class=\"media-content body-wrapper align-center not-link\" id=\"catering\">\n\t<div class=\"media-content__left\">\n\t\t\t\t<h2 class=\"heading2 a-up\">\n\t\t\tMen\u00fas de banquetes\t\t\t\t\t<\/h2>\n\t\t\t\t\t\t\t<h4 class=\"media-content__subheading a-up a-delay-1\">Men\u00fas de banquetes<\/h4>\n\t\t\n\t\t\n\t\t\n\t\t\t\t<div class=\"media-content__text a-up a-delay-2\"><p>Una colorida expresi\u00f3n de la rica historia de Punta de Mita, nuestro personal culinario mezcla lo antiguo con lo nuevo en un viaje gastron\u00f3mico a trav\u00e9s de los sabores, tradiciones e historias de la regi\u00f3n. Con la verdadera hospitalidad mexicana, perm\u00edtanos adaptar completamente su experiencia gastron\u00f3mica, desde c\u00f3cteles creativos hasta eventos tem\u00e1ticos durante su estad\u00eda.<\/p><\/div>\n\t\t\n\t\t\t<\/div>\n\n\t<div class=\"media-content__right hover-images a-up a-delay-2\">\n\t\t<span class=\"media-content__gradient media-content__gradient-left\"><\/span>\n\t\t<span class=\"media-content__gradient media-content__gradient-right\"><\/span>\n\t\t<span class=\"media-content__gradient media-content__gradient-top\"><\/span>\n\t\t<span class=\"media-content__gradient media-content__gradient-bottom\"><\/span>\n\t\t\t\t\t\t\t<img decoding=\"async\" width=\"1707\" height=\"2560\" src=\"https:\/\/cdn.conradpuntademita.com\/wp-content\/uploads\/2022\/04\/09213822\/food-conrad-scaled.jpg\" class=\"hover-image is-hovered\" alt=\"Un delicioso desayuno est\u00e1 bellamente dispuesto en el plato, listo para ser servido.\" loading=\"lazy\" srcset=\"https:\/\/cdn.conradpuntademita.com\/wp-content\/uploads\/2022\/04\/09213822\/food-conrad-scaled.jpg 1707w, https:\/\/cdn.conradpuntademita.com\/wp-content\/uploads\/2022\/04\/09213822\/food-conrad-200x300.jpg 200w, https:\/\/cdn.conradpuntademita.com\/wp-content\/uploads\/2022\/04\/09213822\/food-conrad-683x1024.jpg 683w, https:\/\/cdn.conradpuntademita.com\/wp-content\/uploads\/2022\/04\/09213822\/food-conrad-768x1152.jpg 768w, https:\/\/cdn.conradpuntademita.com\/wp-content\/uploads\/2022\/04\/09213822\/food-conrad-1024x1536.jpg 1024w, https:\/\/cdn.conradpuntademita.com\/wp-content\/uploads\/2022\/04\/09213822\/food-conrad-1365x2048.jpg 1365w, https:\/\/cdn.conradpuntademita.com\/wp-content\/uploads\/2022\/04\/09213822\/food-conrad-8x12.jpg 8w\" sizes=\"auto, (max-width: 1707px) 100vw, 1707px\" \/>\t\t\t\t\t<\/div>\n\n\t\t<\/section>\n\n\n\n<section id=\"venue-media-block_2a80e6d53678b68abd08f45bca67c7dc\" class=\"venue-media\">\n      <h2 class=\"venue-media__heading heading2\">Tambi\u00e9n puedes disfrutar<\/h2>\n  \n  <div class=\"venue-media__img\">\n          <div class=\"gradient-top gradient\"><\/div>\n      <img decoding=\"async\" src=\"https:\/\/cdn.conradpuntademita.com\/wp-content\/uploads\/2022\/05\/13124655\/PVRPMCI_Xiriki.webp\" alt=\"Sal\u00f3n con Mesa y sillas para el evento\">\n      <div class=\"gradient-bottom gradient\"><\/div>\n    \n          \n              <a class=\"venue-media__name venue-media__link\" href=\"#\" target=\"\"><span class=\"heading1\" style=\"color:#F6F6F5\">Salas de reuniones Xiriki<\/span><\/a>\n            <\/div>\n<\/section>","protected":false},"excerpt":{"rendered":"<p>Con capacidad para hasta 600 invitados, nuestro elegante sal\u00f3n de baile, el m\u00e1s grande de la regi\u00f3n, se adaptar\u00e1 a cualquier visi\u00f3n que inspire nuestra colaboraci\u00f3n creativa.<\/p>","protected":false},"featured_media":6446,"parent":0,"menu_order":4,"template":"","meta":{"_acf_changed":false,"inline_featured_image":false},"venue_category":[38],"class_list":["post-367","venue","type-venue","status-publish","has-post-thumbnail","hentry","venue_category-wedding"],"acf":[],"publishpress_future_workflow_manual_trigger":{"enabledWorkflows":[]},"_links":{"self":[{"href":"https:\/\/www.conradpuntademita.com\/es\/wp-json\/wp\/v2\/venue\/367","targetHints":{"allow":["GET"]}}],"collection":[{"href":"https:\/\/www.conradpuntademita.com\/es\/wp-json\/wp\/v2\/venue"}],"about":[{"href":"https:\/\/www.conradpuntademita.com\/es\/wp-json\/wp\/v2\/types\/venue"}],"wp:featuredmedia":[{"embeddable":true,"href":"https:\/\/www.conradpuntademita.com\/es\/wp-json\/wp\/v2\/media\/6446"}],"wp:attachment":[{"href":"https:\/\/www.conradpuntademita.com\/es\/wp-json\/wp\/v2\/media?parent=367"}],"wp:term":[{"taxonomy":"venue_category","embeddable":true,"href":"https:\/\/www.conradpuntademita.com\/es\/wp-json\/wp\/v2\/venue_category?post=367"}],"curies":[{"name":"wp","href":"https:\/\/api.w.org\/{rel}","templated":true}]}}

Salón Tukipa

<section id="banner-block_345790eddcfc5d46c2c4d2512dfa825e" class="banner gradient-banner full-height-banner full-height single-room">
  <div class="banner-wrapper">
          <img decoding="async" src="https://cdn.conradpuntademita.com/wp-content/uploads/2022/04/15160449/FAM_INDU_CONRAD-16.webp" alt="FAM_INDU_CONRAD-16" class="banner__img banner__media">
      </div>

      <div class="banner-content">
              <h1 class="banner-title heading1">Salón Tukipa</h1>
      
              <h3 class="banner-subtitle heading5"> </h3>
              
      
</section>



<section class="wysiwig body-wrapper half-width" id="wysiwig-block_d86103deebe9db6478cd863df81cf6a1">
  <p style="text-align: center; width: 75%; margin: 0 auto;"><span style="font-weight: 400;">Entre los salones de baile más grandes de la región, Tukipa tiene 9,900 pies cuadrados con capacidad para 1,120 asistentes al estilo teatro. El salón de baile se puede subdividir en siete salas más pequeñas, cada una con su propia entrada. Nuestros planificadores de eventos profesionales trabajarán con nuestra empresa audiovisual interna para obtener la última tecnología y equipos de última generación para satisfacer sus necesidades.</span></p>
<p style="text-align: center; width: 75%; margin: 0 auto; margin-top:20px">
<a class="btn btn-secondary" href="mailto:ConciergePuntaDeMita@ConradHotels.com">Contáctenos</a><br />
</a></p>
<div style="text-align: center; padding-top: 50px; width: 75%; margin: 0 auto;">
<h4>CARACTERÍSTICAS DEL LUGAR</h4>
<ul style="display: inline-block; text-align: left;margin-top:20px">
<li>9,900 pies cuadrados</li>
<li>1,120 invitados</li>
<li>Subdividido en 7 habitaciones  </li>
</ul>
</div>
</section>

  <section id="gallery" class="slider  slick-slider body-wrapper">
    <div class="container">
      <div class="slides slides-images">
                  <div class="slide">
            <div class="slide-img">
                              <!-- <a href="https://cdn.conradpuntademita.com/wp-content/uploads/2022/04/13124703/CONRAD-PUNTA-DE-MITA-10123895-e1653612658644.webp" data-fancybox="gallery" rel="gallery" data-caption=""> -->
                <img decoding="async" class="lazyload" src="https://cdn.conradpuntademita.com/wp-content/uploads/2022/04/13124703/CONRAD-PUNTA-DE-MITA-10123895-e1653612658644.webp" alt="Salón con sillas para el evento">
                <!-- </a> -->
                                          <svg class="slide-caption" width="22" height="24" viewbox="0 0 22 24" fill="none" xmlns="http://www.w3.org/2000/svg">
                <path d="M11 0L0 6V18.131L11 24L22 18.131V6.065L11 0ZM10 21.2L3.336 17.645L7.537 14.844C8.617 14.125 7.471 12.485 6.294 13.269L2 16.131V8.23L10 12.593V21.2ZM3.133 6.57L10 2.824V7.25C10 8.573 12 8.574 12 7.25V2.835L18.91 6.646L11.005 10.864L3.133 6.57ZM12 12.6L20 8.331V16.131L15.737 13.289C14.556 12.504 13.414 14.144 14.492 14.863L18.664 17.644L12 21.2V12.6Z" fill="white" />
              </svg>
            </div>

            <div class="slide-content">
                                        </div>
          </div>
              </div>
    </div>
  </section>



	<section class="media-content body-wrapper align-center not-link" id="catering">
	<div class="media-content__left">
				<h2 class="heading2 a-up">
			Menús de banquetes					</h2>
							<h4 class="media-content__subheading a-up a-delay-1">Menús de banquetes</h4>
		
		
		
				<div class="media-content__text a-up a-delay-2"><p>Una colorida expresión de la rica historia de Punta de Mita, nuestro personal culinario mezcla lo antiguo con lo nuevo en un viaje gastronómico a través de los sabores, tradiciones e historias de la región. Con la verdadera hospitalidad mexicana, permítanos adaptar completamente su experiencia gastronómica, desde cócteles creativos hasta eventos temáticos durante su estadía.</p></div>
		
			</div>

	<div class="media-content__right hover-images a-up a-delay-2">
		<span class="media-content__gradient media-content__gradient-left"></span>
		<span class="media-content__gradient media-content__gradient-right"></span>
		<span class="media-content__gradient media-content__gradient-top"></span>
		<span class="media-content__gradient media-content__gradient-bottom"></span>
							<img decoding="async" width="1707" height="2560" src="https://cdn.conradpuntademita.com/wp-content/uploads/2022/04/09213822/food-conrad-scaled.jpg" class="hover-image is-hovered" alt="Un delicioso desayuno está bellamente dispuesto en el plato, listo para ser servido." loading="lazy" srcset="https://cdn.conradpuntademita.com/wp-content/uploads/2022/04/09213822/food-conrad-scaled.jpg 1707w, https://cdn.conradpuntademita.com/wp-content/uploads/2022/04/09213822/food-conrad-200x300.jpg 200w, https://cdn.conradpuntademita.com/wp-content/uploads/2022/04/09213822/food-conrad-683x1024.jpg 683w, https://cdn.conradpuntademita.com/wp-content/uploads/2022/04/09213822/food-conrad-768x1152.jpg 768w, https://cdn.conradpuntademita.com/wp-content/uploads/2022/04/09213822/food-conrad-1024x1536.jpg 1024w, https://cdn.conradpuntademita.com/wp-content/uploads/2022/04/09213822/food-conrad-1365x2048.jpg 1365w, https://cdn.conradpuntademita.com/wp-content/uploads/2022/04/09213822/food-conrad-8x12.jpg 8w" sizes="auto, (max-width: 1707px) 100vw, 1707px" />					</div>

		</section>



<section id="venue-media-block_2a80e6d53678b68abd08f45bca67c7dc" class="venue-media">
      <h2 class="venue-media__heading heading2">También puedes disfrutar</h2>
  
  <div class="venue-media__img">
          <div class="gradient-top gradient"></div>
      <img decoding="async" src="https://cdn.conradpuntademita.com/wp-content/uploads/2022/05/13124655/PVRPMCI_Xiriki.webp" alt="Salón con Mesa y sillas para el evento">
      <div class="gradient-bottom gradient"></div>
    
          
              <a class="venue-media__name venue-media__link" href="#" target=""><span class="heading1" style="color:#F6F6F5">Salas de reuniones Xiriki</span></a>
            </div>
</section>

<p>Con capacidad para hasta 600 invitados, nuestro elegante salón de baile, el más grande de la región, se adaptará a cualquier visión que inspire nuestra colaboración creativa.</p>
