{"id":614,"date":"2022-05-06T18:33:48","date_gmt":"2022-05-06T18:33:48","guid":{"rendered":"https:\/\/www.conradpuntademita.com\/?post_type=venue&#038;p=614"},"modified":"2025-10-15T11:37:34","modified_gmt":"2025-10-15T11:37:34","slug":"mezquite-playa","status":"publish","type":"venue","link":"https:\/\/www.conradpuntademita.com\/es\/reuniones-eventos\/mezquite-playa\/","title":{"rendered":"Playa Mezquite"},"content":{"rendered":"<section id=\"banner-block_4e443ba05a92c11daee69ea4070b22fb\" class=\"banner gradient-banner full-height-banner full-height single-room\">\n  <div class=\"banner-wrapper\">\n          <img decoding=\"async\" src=\"https:\/\/cdn.conradpuntademita.com\/wp-content\/uploads\/2022\/05\/15113722\/Mezquite-Sep-up.webp\" alt=\"Mezquite-Sep-up\" class=\"banner__img banner__media\">\n      <\/div>\n\n      <div class=\"banner-content\">\n              <h1 class=\"banner-title heading1\">Playa Mezquite<\/h1>\n      \n              <h3 class=\"banner-subtitle heading5\"> <\/h3>\n              \n      \n<\/section>\n\n\n\n<section class=\"wysiwig body-wrapper half-width\" id=\"wysiwig-block_6c10a44c86939677ff5c2dbbaa016f55\">\n  <p style=\"text-align: center; width: 75%; margin: 0 auto;\">Este lugar frente a la playa es ideal para recepciones y eventos al atardecer, capturando las vistas panor\u00e1micas del oc\u00e9ano Pac\u00edfico y el elegante ambiente informal. De su madera de mezquite hom\u00f3nima, las llamas y el humo que carbonizan y asan a la parrilla ofrecen una deliciosa cocina junto a la playa de cl\u00e1sicos americanos y mexicanos. Cene en el restaurante al aire libre o bajo las estrellas frente al mar para disfrutar de un evento \u00fanico.<\/p>\n<p style=\"text-align: center; padding-top: 20px; width: 75%; margin: 0 auto;\"><a class=\"btn btn-secondary\" href=\"mailto:PVRPM.SA@ConradHotels.com\">Cont\u00e1ctenos<\/a><\/p>\n<p><!-- wp:acf\/request-proposal {\"id\":\"block_6267ae4fc2255\",\"name\":\"acf\/request-proposal\",\"data\":{\"field_6267adfe17cd8\":\"request-proposal\",\"field_6267ae0817cd9\":\"\",\"field_6267adf517cd7\":\"\\u003ch2\\u003eRequest \\u003cem\\u003efor\\u003c\/em\\u003e Proposal\\u003c\/h2\\u003e\",\"field_6267ae1417cda\":\"[contact-form-7 id=\\u0022353\\u0022 title=\\u0022Request Proposal\\u0022]\"},\"align\":\"\",\"mode\":\"edit\"} \/--><\/p>\n<div style=\"text-align: center; padding-top: 50px; width: 75%; margin: 0 auto;\">\n<h4>CARACTER\u00cdSTICAS DEL LUGAR<\/h4>\n<ul style=\"display: inline-block; text-align: left; margin-top: 20px;\">\n<li>Frente a la playa a lo largo de la costa.<\/li>\n<li>Puestas de sol espectaculares<\/li>\n<\/ul>\n<\/div>\n<\/section>\n\n  <section id=\"gallery\" class=\"slider  slick-slider body-wrapper\">\n    <div class=\"container\">\n      <div class=\"slides slides-images\">\n                  <div class=\"slide\">\n            <div class=\"slide-img\">\n                              <!-- <a href=\"https:\/\/cdn.conradpuntademita.com\/wp-content\/uploads\/2022\/05\/13124320\/PVRPMCI_Mezquite-Cenas.webp\" data-fancybox=\"gallery\" rel=\"gallery\" data-caption=\"\"> -->\n                <img decoding=\"async\" class=\"lazyload\" src=\"https:\/\/cdn.conradpuntademita.com\/wp-content\/uploads\/2022\/05\/13124320\/PVRPMCI_Mezquite-Cenas-1200x665.webp\" alt=\"Mesas de comedor en el restaurante al aire libre decoradas con luces en la playa\">\n                <!-- <\/a> -->\n                                          <svg class=\"slide-caption\" width=\"22\" height=\"24\" viewbox=\"0 0 22 24\" fill=\"none\" xmlns=\"http:\/\/www.w3.org\/2000\/svg\">\n                <path d=\"M11 0L0 6V18.131L11 24L22 18.131V6.065L11 0ZM10 21.2L3.336 17.645L7.537 14.844C8.617 14.125 7.471 12.485 6.294 13.269L2 16.131V8.23L10 12.593V21.2ZM3.133 6.57L10 2.824V7.25C10 8.573 12 8.574 12 7.25V2.835L18.91 6.646L11.005 10.864L3.133 6.57ZM12 12.6L20 8.331V16.131L15.737 13.289C14.556 12.504 13.414 14.144 14.492 14.863L18.664 17.644L12 21.2V12.6Z\" fill=\"white\" \/>\n              <\/svg>\n            <\/div>\n\n            <div class=\"slide-content\">\n                                        <\/div>\n          <\/div>\n                  <div class=\"slide\">\n            <div class=\"slide-img\">\n                              <!-- <a href=\"https:\/\/cdn.conradpuntademita.com\/wp-content\/uploads\/2022\/04\/13124811\/Screen-Shot-2022-02-15-at-9.36-2-1-e1653611902681.jpg\" data-fancybox=\"gallery\" rel=\"gallery\" data-caption=\"\"> -->\n                <img decoding=\"async\" class=\"lazyload\" src=\"https:\/\/cdn.conradpuntademita.com\/wp-content\/uploads\/2022\/04\/13124811\/Screen-Shot-2022-02-15-at-9.36-2-1-1209x665.webp\" alt=\"La mesa y la silla se colocan en la playa con la luz.\">\n                <!-- <\/a> -->\n                                          <svg class=\"slide-caption\" width=\"22\" height=\"24\" viewbox=\"0 0 22 24\" fill=\"none\" xmlns=\"http:\/\/www.w3.org\/2000\/svg\">\n                <path d=\"M11 0L0 6V18.131L11 24L22 18.131V6.065L11 0ZM10 21.2L3.336 17.645L7.537 14.844C8.617 14.125 7.471 12.485 6.294 13.269L2 16.131V8.23L10 12.593V21.2ZM3.133 6.57L10 2.824V7.25C10 8.573 12 8.574 12 7.25V2.835L18.91 6.646L11.005 10.864L3.133 6.57ZM12 12.6L20 8.331V16.131L15.737 13.289C14.556 12.504 13.414 14.144 14.492 14.863L18.664 17.644L12 21.2V12.6Z\" fill=\"white\" \/>\n              <\/svg>\n            <\/div>\n\n            <div class=\"slide-content\">\n                                        <\/div>\n          <\/div>\n                  <div class=\"slide\">\n            <div class=\"slide-img\">\n                              <!-- <a href=\"https:\/\/cdn.conradpuntademita.com\/wp-content\/uploads\/2023\/07\/20203005\/Conrad-Punta-de-Mita-All-White-Wedding-Reception-Mezquite-Beach-scaled.jpg\" data-fancybox=\"gallery\" rel=\"gallery\" data-caption=\"\"> -->\n                <img decoding=\"async\" class=\"lazyload\" src=\"https:\/\/cdn.conradpuntademita.com\/wp-content\/uploads\/2023\/07\/20203005\/Conrad-Punta-de-Mita-All-White-Wedding-Reception-Mezquite-Beach-1209x665.jpg\" alt=\"El c\u00e9sped de la boda adornado con flores blancas, creando un ambiente m\u00e1gico de boda.\">\n                <!-- <\/a> -->\n                                          <svg class=\"slide-caption\" width=\"22\" height=\"24\" viewbox=\"0 0 22 24\" fill=\"none\" xmlns=\"http:\/\/www.w3.org\/2000\/svg\">\n                <path d=\"M11 0L0 6V18.131L11 24L22 18.131V6.065L11 0ZM10 21.2L3.336 17.645L7.537 14.844C8.617 14.125 7.471 12.485 6.294 13.269L2 16.131V8.23L10 12.593V21.2ZM3.133 6.57L10 2.824V7.25C10 8.573 12 8.574 12 7.25V2.835L18.91 6.646L11.005 10.864L3.133 6.57ZM12 12.6L20 8.331V16.131L15.737 13.289C14.556 12.504 13.414 14.144 14.492 14.863L18.664 17.644L12 21.2V12.6Z\" fill=\"white\" \/>\n              <\/svg>\n            <\/div>\n\n            <div class=\"slide-content\">\n                                        <\/div>\n          <\/div>\n              <\/div>\n    <\/div>\n  <\/section>\n\n\n\n\t<section class=\"media-content body-wrapper align-center not-link\" id=\"catering\">\n\t<div class=\"media-content__left\">\n\t\t\t\t<h2 class=\"heading2 a-up\">\n\t\t\tCatering\t\t\t\t\t<\/h2>\n\t\t\t\t\t\t\t<h4 class=\"media-content__subheading a-up a-delay-1\">Inspirado localmente<\/h4>\n\t\t\n\t\t\n\t\t\n\t\t\t\t<div class=\"media-content__text a-up a-delay-2\"><p>Una colorida expresi\u00f3n de la rica historia y el misterio de Punta de Mita, nuestro personal culinario mezcla lo antiguo con lo nuevo en un viaje gastron\u00f3mico a trav\u00e9s de los sabores, tradiciones e historias de la regi\u00f3n. Con la verdadera hospitalidad mexicana, perm\u00edtanos personalizar completamente su experiencia gastron\u00f3mica, desde c\u00f3cteles personalizados hasta cenas privadas durante su estad\u00eda.<\/p><\/div>\n\t\t\n\t\t\t<\/div>\n\n\t<div class=\"media-content__right hover-images a-up a-delay-2\">\n\t\t<span class=\"media-content__gradient media-content__gradient-left\"><\/span>\n\t\t<span class=\"media-content__gradient media-content__gradient-right\"><\/span>\n\t\t<span class=\"media-content__gradient media-content__gradient-top\"><\/span>\n\t\t<span class=\"media-content__gradient media-content__gradient-bottom\"><\/span>\n\t\t\t\t\t\t\t<img decoding=\"async\" width=\"1707\" height=\"2560\" src=\"https:\/\/cdn.conradpuntademita.com\/wp-content\/uploads\/2022\/05\/13120027\/IMG_6312-2-scaled.webp\" class=\"hover-image is-hovered\" alt=\"Imagen del puesto de comida sobre la mesa.\" loading=\"lazy\" srcset=\"https:\/\/cdn.conradpuntademita.com\/wp-content\/uploads\/2022\/05\/13120027\/IMG_6312-2-scaled.webp 1707w, https:\/\/cdn.conradpuntademita.com\/wp-content\/uploads\/2022\/05\/13120027\/IMG_6312-2-200x300.jpg 200w, https:\/\/cdn.conradpuntademita.com\/wp-content\/uploads\/2022\/05\/13120027\/IMG_6312-2-683x1024.jpg 683w, https:\/\/cdn.conradpuntademita.com\/wp-content\/uploads\/2022\/05\/13120027\/IMG_6312-2-768x1152.jpg 768w, https:\/\/cdn.conradpuntademita.com\/wp-content\/uploads\/2022\/05\/13120027\/IMG_6312-2-1024x1536.jpg 1024w, https:\/\/cdn.conradpuntademita.com\/wp-content\/uploads\/2022\/05\/13120027\/IMG_6312-2-1365x2048.jpg 1365w\" sizes=\"auto, (max-width: 1707px) 100vw, 1707px\" \/>\t\t\t\t\t<\/div>\n\n\t\t<\/section>","protected":false},"excerpt":{"rendered":"<p>Intercambia votos con la arena a tus pies y el sol brillando sobre el Pac\u00edfico. La ubicaci\u00f3n frente al mar de Mezquite hace que las ceremonias y recepciones sean m\u00e1gicas.<\/p>","protected":false},"featured_media":3016,"parent":0,"menu_order":2,"template":"","meta":{"_acf_changed":true,"inline_featured_image":false},"venue_category":[38],"class_list":["post-614","venue","type-venue","status-publish","has-post-thumbnail","hentry","venue_category-wedding"],"acf":[],"publishpress_future_workflow_manual_trigger":{"enabledWorkflows":[]},"_links":{"self":[{"href":"https:\/\/www.conradpuntademita.com\/es\/wp-json\/wp\/v2\/venue\/614","targetHints":{"allow":["GET"]}}],"collection":[{"href":"https:\/\/www.conradpuntademita.com\/es\/wp-json\/wp\/v2\/venue"}],"about":[{"href":"https:\/\/www.conradpuntademita.com\/es\/wp-json\/wp\/v2\/types\/venue"}],"wp:featuredmedia":[{"embeddable":true,"href":"https:\/\/www.conradpuntademita.com\/es\/wp-json\/wp\/v2\/media\/3016"}],"wp:attachment":[{"href":"https:\/\/www.conradpuntademita.com\/es\/wp-json\/wp\/v2\/media?parent=614"}],"wp:term":[{"taxonomy":"venue_category","embeddable":true,"href":"https:\/\/www.conradpuntademita.com\/es\/wp-json\/wp\/v2\/venue_category?post=614"}],"curies":[{"name":"wp","href":"https:\/\/api.w.org\/{rel}","templated":true}]}}

<section id="banner-block_4e443ba05a92c11daee69ea4070b22fb" class="banner gradient-banner full-height-banner full-height single-room">
  <div class="banner-wrapper">
          <img decoding="async" src="https://cdn.conradpuntademita.com/wp-content/uploads/2022/05/15113722/Mezquite-Sep-up.webp" alt="Mezquite-Sep-up" class="banner__img banner__media">
      </div>

      <div class="banner-content">
              <h1 class="banner-title heading1">Playa Mezquite</h1>
      
              <h3 class="banner-subtitle heading5"> </h3>
              
      
</section>



<section class="wysiwig body-wrapper half-width" id="wysiwig-block_6c10a44c86939677ff5c2dbbaa016f55">
  <p style="text-align: center; width: 75%; margin: 0 auto;">Este lugar frente a la playa es ideal para recepciones y eventos al atardecer, capturando las vistas panorámicas del océano Pacífico y el elegante ambiente informal. De su madera de mezquite homónima, las llamas y el humo que carbonizan y asan a la parrilla ofrecen una deliciosa cocina junto a la playa de clásicos americanos y mexicanos. Cene en el restaurante al aire libre o bajo las estrellas frente al mar para disfrutar de un evento único.</p>
<p style="text-align: center; padding-top: 20px; width: 75%; margin: 0 auto;"><a class="btn btn-secondary" href="mailto:PVRPM.SA@ConradHotels.com">Contáctenos</a></p>
<p><!-- wp:acf/request-proposal {"id":"block_6267ae4fc2255","name":"acf/request-proposal","data":{"field_6267adfe17cd8":"request-proposal","field_6267ae0817cd9":"","field_6267adf517cd7":"\u003ch2\u003eRequest \u003cem\u003efor\u003c/em\u003e Proposal\u003c/h2\u003e","field_6267ae1417cda":"[contact-form-7 id=\u0022353\u0022 title=\u0022Request Proposal\u0022]"},"align":"","mode":"edit"} /--></p>
<div style="text-align: center; padding-top: 50px; width: 75%; margin: 0 auto;">
<h4>CARACTERÍSTICAS DEL LUGAR</h4>
<ul style="display: inline-block; text-align: left; margin-top: 20px;">
<li>Frente a la playa a lo largo de la costa.</li>
<li>Puestas de sol espectaculares</li>
</ul>
</div>
</section>

  <section id="gallery" class="slider  slick-slider body-wrapper">
    <div class="container">
      <div class="slides slides-images">
                  <div class="slide">
            <div class="slide-img">
                              <!-- <a href="https://cdn.conradpuntademita.com/wp-content/uploads/2022/05/13124320/PVRPMCI_Mezquite-Cenas.webp" data-fancybox="gallery" rel="gallery" data-caption=""> -->
                <img decoding="async" class="lazyload" src="https://cdn.conradpuntademita.com/wp-content/uploads/2022/05/13124320/PVRPMCI_Mezquite-Cenas-1200x665.webp" alt="Mesas de comedor en el restaurante al aire libre decoradas con luces en la playa">
                <!-- </a> -->
                                          <svg class="slide-caption" width="22" height="24" viewbox="0 0 22 24" fill="none" xmlns="http://www.w3.org/2000/svg">
                <path d="M11 0L0 6V18.131L11 24L22 18.131V6.065L11 0ZM10 21.2L3.336 17.645L7.537 14.844C8.617 14.125 7.471 12.485 6.294 13.269L2 16.131V8.23L10 12.593V21.2ZM3.133 6.57L10 2.824V7.25C10 8.573 12 8.574 12 7.25V2.835L18.91 6.646L11.005 10.864L3.133 6.57ZM12 12.6L20 8.331V16.131L15.737 13.289C14.556 12.504 13.414 14.144 14.492 14.863L18.664 17.644L12 21.2V12.6Z" fill="white" />
              </svg>
            </div>

            <div class="slide-content">
                                        </div>
          </div>
                  <div class="slide">
            <div class="slide-img">
                              <!-- <a href="https://cdn.conradpuntademita.com/wp-content/uploads/2022/04/13124811/Screen-Shot-2022-02-15-at-9.36-2-1-e1653611902681.jpg" data-fancybox="gallery" rel="gallery" data-caption=""> -->
                <img decoding="async" class="lazyload" src="https://cdn.conradpuntademita.com/wp-content/uploads/2022/04/13124811/Screen-Shot-2022-02-15-at-9.36-2-1-1209x665.webp" alt="La mesa y la silla se colocan en la playa con la luz.">
                <!-- </a> -->
                                          <svg class="slide-caption" width="22" height="24" viewbox="0 0 22 24" fill="none" xmlns="http://www.w3.org/2000/svg">
                <path d="M11 0L0 6V18.131L11 24L22 18.131V6.065L11 0ZM10 21.2L3.336 17.645L7.537 14.844C8.617 14.125 7.471 12.485 6.294 13.269L2 16.131V8.23L10 12.593V21.2ZM3.133 6.57L10 2.824V7.25C10 8.573 12 8.574 12 7.25V2.835L18.91 6.646L11.005 10.864L3.133 6.57ZM12 12.6L20 8.331V16.131L15.737 13.289C14.556 12.504 13.414 14.144 14.492 14.863L18.664 17.644L12 21.2V12.6Z" fill="white" />
              </svg>
            </div>

            <div class="slide-content">
                                        </div>
          </div>
                  <div class="slide">
            <div class="slide-img">
                              <!-- <a href="https://cdn.conradpuntademita.com/wp-content/uploads/2023/07/20203005/Conrad-Punta-de-Mita-All-White-Wedding-Reception-Mezquite-Beach-scaled.jpg" data-fancybox="gallery" rel="gallery" data-caption=""> -->
                <img decoding="async" class="lazyload" src="https://cdn.conradpuntademita.com/wp-content/uploads/2023/07/20203005/Conrad-Punta-de-Mita-All-White-Wedding-Reception-Mezquite-Beach-1209x665.jpg" alt="El césped de la boda adornado con flores blancas, creando un ambiente mágico de boda.">
                <!-- </a> -->
                                          <svg class="slide-caption" width="22" height="24" viewbox="0 0 22 24" fill="none" xmlns="http://www.w3.org/2000/svg">
                <path d="M11 0L0 6V18.131L11 24L22 18.131V6.065L11 0ZM10 21.2L3.336 17.645L7.537 14.844C8.617 14.125 7.471 12.485 6.294 13.269L2 16.131V8.23L10 12.593V21.2ZM3.133 6.57L10 2.824V7.25C10 8.573 12 8.574 12 7.25V2.835L18.91 6.646L11.005 10.864L3.133 6.57ZM12 12.6L20 8.331V16.131L15.737 13.289C14.556 12.504 13.414 14.144 14.492 14.863L18.664 17.644L12 21.2V12.6Z" fill="white" />
              </svg>
            </div>

            <div class="slide-content">
                                        </div>
          </div>
              </div>
    </div>
  </section>



	<section class="media-content body-wrapper align-center not-link" id="catering">
	<div class="media-content__left">
				<h2 class="heading2 a-up">
			Catering					</h2>
							<h4 class="media-content__subheading a-up a-delay-1">Inspirado localmente</h4>
		
		
		
				<div class="media-content__text a-up a-delay-2"><p>Una colorida expresión de la rica historia y el misterio de Punta de Mita, nuestro personal culinario mezcla lo antiguo con lo nuevo en un viaje gastronómico a través de los sabores, tradiciones e historias de la región. Con la verdadera hospitalidad mexicana, permítanos personalizar completamente su experiencia gastronómica, desde cócteles personalizados hasta cenas privadas durante su estadía.</p></div>
		
			</div>

	<div class="media-content__right hover-images a-up a-delay-2">
		<span class="media-content__gradient media-content__gradient-left"></span>
		<span class="media-content__gradient media-content__gradient-right"></span>
		<span class="media-content__gradient media-content__gradient-top"></span>
		<span class="media-content__gradient media-content__gradient-bottom"></span>
							<img decoding="async" width="1707" height="2560" src="https://cdn.conradpuntademita.com/wp-content/uploads/2022/05/13120027/IMG_6312-2-scaled.webp" class="hover-image is-hovered" alt="Imagen del puesto de comida sobre la mesa." loading="lazy" srcset="https://cdn.conradpuntademita.com/wp-content/uploads/2022/05/13120027/IMG_6312-2-scaled.webp 1707w, https://cdn.conradpuntademita.com/wp-content/uploads/2022/05/13120027/IMG_6312-2-200x300.jpg 200w, https://cdn.conradpuntademita.com/wp-content/uploads/2022/05/13120027/IMG_6312-2-683x1024.jpg 683w, https://cdn.conradpuntademita.com/wp-content/uploads/2022/05/13120027/IMG_6312-2-768x1152.jpg 768w, https://cdn.conradpuntademita.com/wp-content/uploads/2022/05/13120027/IMG_6312-2-1024x1536.jpg 1024w, https://cdn.conradpuntademita.com/wp-content/uploads/2022/05/13120027/IMG_6312-2-1365x2048.jpg 1365w" sizes="auto, (max-width: 1707px) 100vw, 1707px" />					</div>

		</section>

<p>Intercambia votos con la arena a tus pies y el sol brillando sobre el Pacífico. La ubicación frente al mar de Mezquite hace que las ceremonias y recepciones sean mágicas.</p>
