{"id":7657,"date":"2024-02-13T20:11:53","date_gmt":"2024-02-13T20:11:53","guid":{"rendered":"https:\/\/www.conradpuntademita.com\/?post_type=venue&#038;p=7657"},"modified":"2024-06-27T15:15:09","modified_gmt":"2024-06-27T15:15:09","slug":"tua-cesped","status":"publish","type":"venue","link":"https:\/\/www.conradpuntademita.com\/es\/reuniones-eventos\/tua-cesped\/","title":{"rendered":"c\u00e9sped tua"},"content":{"rendered":"<section id=\"banner-block_985b8a24ef8d592125a7d9b819d58d2a\" class=\"banner gradient-banner full-height-banner full-height single-room\">\n  <div class=\"banner-wrapper\">\n          <img decoding=\"async\" src=\"https:\/\/cdn.conradpuntademita.com\/wp-content\/uploads\/2024\/02\/14022933\/CPM-Small-Intimate-Weddings-tag-%40avesolphotography-%40delcaboevents-Conrad-116-2000x1333-1.jpg\" alt=\"CPM Bodas peque\u00f1as + \u00edntimas - etiqueta @avesolphotography @delcaboevents Conrad 116 2000x1333\" class=\"banner__img banner__media\">\n      <\/div>\n\n      <div class=\"banner-content\">\n              <h1 class=\"banner-title heading1\">c\u00e9sped tua<\/h1>\n      \n              <h3 class=\"banner-subtitle heading5\"> <\/h3>\n              \n      \n<\/section>\n\n\n<section id=\"responsive-spacer-block_9874c13c002089f1f5488ece1cdfa8e6\" class=\"responsive-spacer\">\n<\/section>\n<style>\n  #responsive-spacer-block_9874c13c002089f1f5488ece1cdfa8e6 {\n    width: 100%;\n  }\n\n  #responsive-spacer-block_9874c13c002089f1f5488ece1cdfa8e6 {\n    height: 273px;\n  }\n\n  @media (min-width: 769px) {\n    #responsive-spacer-block_9874c13c002089f1f5488ece1cdfa8e6 {\n      height: 130px;\n    }\n  }\n\n  @media (min-width: 1201px) {\n    #responsive-spacer-block_9874c13c002089f1f5488ece1cdfa8e6 {\n      height: 163px;\n    }\n  }\n\n  <\/style>\n\n<section id=\"two-columns-block_5ef81b9b4708e2981fae976a1e00a20d\" class=\"two-columns normal-wrapper two-cta\">\n  <div class=\"row\">\n          <div class=\"col col-left a-right content\">\n        <p><!-- wp:acf\/request-proposal {\"id\":\"block_6267ae4fc2255\",\"name\":\"acf\/request-proposal\",\"data\":{\"field_6267adfe17cd8\":\"request-proposal\",\"field_6267ae0817cd9\":\"\",\"field_6267adf517cd7\":\"\\u003ch2\\u003eRequest \\u003cem\\u003efor\\u003c\/em\\u003e Proposal\\u003c\/h2\\u003e\",\"field_6267ae1417cda\":\"[contact-form-7 id=\\u0022353\\u0022 title=\\u0022Request Proposal\\u0022]\"},\"align\":\"\",\"mode\":\"edit\"} \/--><\/p>\n<p>Nuestro lugar m\u00e1s nuevo est\u00e1 construido alrededor de una experiencia m\u00e1gica al atardecer con vistas al mar como tel\u00f3n de fondo. La naturaleza crea un impresionante abrazo monta\u00f1oso cuando la hora m\u00e1gica del atardecer cae detr\u00e1s de la tierra o se sumerge en el oc\u00e9ano, seg\u00fan la estaci\u00f3n. Se le garantizar\u00e1 privacidad en este rinc\u00f3n del resort y podr\u00e1 optar por una suite de luna de miel cercana en una de nuestras casas para saborear el lugar. Aqu\u00ed experimentar\u00e1s el lujo de la naturaleza.<\/p>\n                      <\/div>\n              <div class=\"col col-right a-left content\">\n        <p><h4>CARACTER\u00cdSTICAS DEL LUGAR<\/h4>\n<ul>\n<li>Mirador del atardecer.<\/li>\n<li>Sensaci\u00f3n de isla aislada.<\/li>\n<\/ul>\n<p>&nbsp;<\/p>\n<p>&nbsp;<\/p>\n<\/p>\n      <\/div>\n      <\/div>\n<\/section>\n\n<section id=\"responsive-spacer-block_49dcdbff4759eb314a307793a2e07f1f\" class=\"responsive-spacer\">\n<\/section>\n<style>\n  #responsive-spacer-block_49dcdbff4759eb314a307793a2e07f1f {\n    width: 100%;\n  }\n\n  #responsive-spacer-block_49dcdbff4759eb314a307793a2e07f1f {\n    height: 130px;\n  }\n\n  @media (min-width: 769px) {\n    #responsive-spacer-block_49dcdbff4759eb314a307793a2e07f1f {\n      height: 140px;\n    }\n  }\n\n  @media (min-width: 1201px) {\n    #responsive-spacer-block_49dcdbff4759eb314a307793a2e07f1f {\n      height: 141px;\n    }\n  }\n\n  <\/style>\n\n  <section id=\"gallery\" class=\"slider  slick-slider body-wrapper\">\n    <div class=\"container\">\n      <div class=\"slides slides-images\">\n                  <div class=\"slide\">\n            <div class=\"slide-img\">\n                              <!-- <a href=\"https:\/\/cdn.conradpuntademita.com\/wp-content\/uploads\/2024\/02\/14022933\/CPM-Small-Intimate-Weddings-tag-%40avesolphotography-%40delcaboevents-Conrad-116-2000x1333-1.jpg\" data-fancybox=\"gallery\" rel=\"gallery\" data-caption=\"\"> -->\n                <img decoding=\"async\" class=\"lazyload\" src=\"https:\/\/cdn.conradpuntademita.com\/wp-content\/uploads\/2024\/02\/14022933\/CPM-Small-Intimate-Weddings-tag-%40avesolphotography-%40delcaboevents-Conrad-116-2000x1333-1-1209x665.jpg\" alt=\"Una hermosa decoraci\u00f3n para bodas se encuentra frente a un \u00e1rbol de flores rosas y ofrece impresionantes vistas al mar.\">\n                <!-- <\/a> -->\n                                          <svg class=\"slide-caption\" width=\"22\" height=\"24\" viewbox=\"0 0 22 24\" fill=\"none\" xmlns=\"http:\/\/www.w3.org\/2000\/svg\">\n                <path d=\"M11 0L0 6V18.131L11 24L22 18.131V6.065L11 0ZM10 21.2L3.336 17.645L7.537 14.844C8.617 14.125 7.471 12.485 6.294 13.269L2 16.131V8.23L10 12.593V21.2ZM3.133 6.57L10 2.824V7.25C10 8.573 12 8.574 12 7.25V2.835L18.91 6.646L11.005 10.864L3.133 6.57ZM12 12.6L20 8.331V16.131L15.737 13.289C14.556 12.504 13.414 14.144 14.492 14.863L18.664 17.644L12 21.2V12.6Z\" fill=\"white\" \/>\n              <\/svg>\n            <\/div>\n\n            <div class=\"slide-content\">\n                                        <\/div>\n          <\/div>\n                  <div class=\"slide\">\n            <div class=\"slide-img\">\n                              <!-- <a href=\"https:\/\/cdn.conradpuntademita.com\/wp-content\/uploads\/2024\/02\/14022914\/CPM-Small-Intimate-Weddings-tag-%40avesolphotography-%40delcaboevents-Conrad-119-2000x133-1.jpg\" data-fancybox=\"gallery\" rel=\"gallery\" data-caption=\"\"> -->\n                <img decoding=\"async\" class=\"lazyload\" src=\"https:\/\/cdn.conradpuntademita.com\/wp-content\/uploads\/2024\/02\/14022914\/CPM-Small-Intimate-Weddings-tag-%40avesolphotography-%40delcaboevents-Conrad-119-2000x133-1-1209x665.jpg\" alt=\"Una impresionante configuraci\u00f3n de boda se coloca frente a un hermoso \u00e1rbol de flores rosas para la celebraci\u00f3n.\">\n                <!-- <\/a> -->\n                                          <svg class=\"slide-caption\" width=\"22\" height=\"24\" viewbox=\"0 0 22 24\" fill=\"none\" xmlns=\"http:\/\/www.w3.org\/2000\/svg\">\n                <path d=\"M11 0L0 6V18.131L11 24L22 18.131V6.065L11 0ZM10 21.2L3.336 17.645L7.537 14.844C8.617 14.125 7.471 12.485 6.294 13.269L2 16.131V8.23L10 12.593V21.2ZM3.133 6.57L10 2.824V7.25C10 8.573 12 8.574 12 7.25V2.835L18.91 6.646L11.005 10.864L3.133 6.57ZM12 12.6L20 8.331V16.131L15.737 13.289C14.556 12.504 13.414 14.144 14.492 14.863L18.664 17.644L12 21.2V12.6Z\" fill=\"white\" \/>\n              <\/svg>\n            <\/div>\n\n            <div class=\"slide-content\">\n                                        <\/div>\n          <\/div>\n                  <div class=\"slide\">\n            <div class=\"slide-img\">\n                              <!-- <a href=\"https:\/\/cdn.conradpuntademita.com\/wp-content\/uploads\/2024\/02\/07105611\/CPM-Small-Intimate-Weddings-110-2000x1333-1.jpg\" data-fancybox=\"gallery\" rel=\"gallery\" data-caption=\"\"> -->\n                <img decoding=\"async\" class=\"lazyload\" src=\"https:\/\/cdn.conradpuntademita.com\/wp-content\/uploads\/2024\/02\/07105611\/CPM-Small-Intimate-Weddings-110-2000x1333-1-1209x665.jpg\" alt=\"Una hermosa configuraci\u00f3n de boda en la arena de la playa cuenta con una impresionante vista del amanecer y del mar.\">\n                <!-- <\/a> -->\n                                          <svg class=\"slide-caption\" width=\"22\" height=\"24\" viewbox=\"0 0 22 24\" fill=\"none\" xmlns=\"http:\/\/www.w3.org\/2000\/svg\">\n                <path d=\"M11 0L0 6V18.131L11 24L22 18.131V6.065L11 0ZM10 21.2L3.336 17.645L7.537 14.844C8.617 14.125 7.471 12.485 6.294 13.269L2 16.131V8.23L10 12.593V21.2ZM3.133 6.57L10 2.824V7.25C10 8.573 12 8.574 12 7.25V2.835L18.91 6.646L11.005 10.864L3.133 6.57ZM12 12.6L20 8.331V16.131L15.737 13.289C14.556 12.504 13.414 14.144 14.492 14.863L18.664 17.644L12 21.2V12.6Z\" fill=\"white\" \/>\n              <\/svg>\n            <\/div>\n\n            <div class=\"slide-content\">\n                                        <\/div>\n          <\/div>\n              <\/div>\n    <\/div>\n  <\/section>\n\n\n<section id=\"responsive-spacer-block_bed62338d784dfa700c6c5cc70af8b38\" class=\"responsive-spacer\">\n<\/section>\n<style>\n  #responsive-spacer-block_bed62338d784dfa700c6c5cc70af8b38 {\n    width: 100%;\n  }\n\n  #responsive-spacer-block_bed62338d784dfa700c6c5cc70af8b38 {\n    height: 80px;\n  }\n\n  @media (min-width: 769px) {\n    #responsive-spacer-block_bed62338d784dfa700c6c5cc70af8b38 {\n      height: 100px;\n    }\n  }\n\n  @media (min-width: 1201px) {\n    #responsive-spacer-block_bed62338d784dfa700c6c5cc70af8b38 {\n      height: 141px;\n    }\n  }\n\n  <\/style>\n\n\n\t<section class=\"media-content body-wrapper align-center not-link\" id=\"catering\">\n\t<div class=\"media-content__left\">\n\t\t\t\t<h2 class=\"heading2 a-up\">\n\t\t\tCatering\t\t\t\t\t<\/h2>\n\t\t\t\t\t\t\t<h4 class=\"media-content__subheading a-up a-delay-1\">Inspirado localmente<\/h4>\n\t\t\n\t\t\n\t\t\n\t\t\t\t<div class=\"media-content__text a-up a-delay-2\"><p>Una colorida expresi\u00f3n de la rica historia y el misterio de Punta de Mita, nuestro personal culinario mezcla lo antiguo con lo nuevo en un viaje gastron\u00f3mico a trav\u00e9s de los sabores, tradiciones e historias de la regi\u00f3n. Con la verdadera hospitalidad mexicana, perm\u00edtanos personalizar completamente su experiencia gastron\u00f3mica, desde c\u00f3cteles personalizados hasta cenas privadas durante su estad\u00eda.<\/p><\/div>\n\t\t\n\t\t\t<\/div>\n\n\t<div class=\"media-content__right hover-images a-up a-delay-2\">\n\t\t<span class=\"media-content__gradient media-content__gradient-left\"><\/span>\n\t\t<span class=\"media-content__gradient media-content__gradient-right\"><\/span>\n\t\t<span class=\"media-content__gradient media-content__gradient-top\"><\/span>\n\t\t<span class=\"media-content__gradient media-content__gradient-bottom\"><\/span>\n\t\t\t\t\t\t\t<img decoding=\"async\" width=\"581\" height=\"735\" src=\"https:\/\/cdn.conradpuntademita.com\/wp-content\/uploads\/2022\/04\/13124809\/Screen-Shot-2022-02-15-at-9.41-1.jpg\" class=\"hover-image is-hovered\" alt=\"Bocadillos guardados en el plato\" loading=\"lazy\" srcset=\"https:\/\/cdn.conradpuntademita.com\/wp-content\/uploads\/2022\/04\/13124809\/Screen-Shot-2022-02-15-at-9.41-1.jpg 581w, https:\/\/cdn.conradpuntademita.com\/wp-content\/uploads\/2022\/04\/13124809\/Screen-Shot-2022-02-15-at-9.41-1-237x300.jpg 237w\" sizes=\"auto, (max-width: 581px) 100vw, 581px\" \/>\t\t\t\t\t<\/div>\n\n\t\t\t<div class=\"media-content__bg\">\n\t\t<img decoding=\"async\" width=\"562\" height=\"489\" src=\"https:\/\/cdn.conradpuntademita.com\/wp-content\/uploads\/2022\/04\/13124801\/Group.png\" class=\"media-content__bg-image\" alt=\"Imagen de textura de flor transparente\" loading=\"lazy\" srcset=\"https:\/\/cdn.conradpuntademita.com\/wp-content\/uploads\/2022\/04\/13124801\/Group.png 562w, https:\/\/cdn.conradpuntademita.com\/wp-content\/uploads\/2022\/04\/13124801\/Group-300x261.png 300w\" sizes=\"auto, (max-width: 562px) 100vw, 562px\" \/>\t\t<\/div>\n\t\t<\/section>\n\n\n<section id=\"responsive-spacer-block_91d4c90b322baa002c219b5e525cc070\" class=\"responsive-spacer\">\n<\/section>\n<style>\n  #responsive-spacer-block_91d4c90b322baa002c219b5e525cc070 {\n    width: 100%;\n  }\n\n  #responsive-spacer-block_91d4c90b322baa002c219b5e525cc070 {\n    height: 101px;\n  }\n\n  @media (min-width: 769px) {\n    #responsive-spacer-block_91d4c90b322baa002c219b5e525cc070 {\n      height: 140px;\n    }\n  }\n\n  @media (min-width: 1201px) {\n    #responsive-spacer-block_91d4c90b322baa002c219b5e525cc070 {\n      height: 188px;\n    }\n  }\n\n  <\/style>","protected":false},"excerpt":{"rendered":"<p>Permita que la naturaleza cree el entorno y la decoraci\u00f3n. Enmarcado por palmeras danzantes, el abrazo monta\u00f1oso de Punta Mita y m\u00e1gicos atardeceres a lo largo del Pac\u00edfico, este rinc\u00f3n del para\u00edso est\u00e1 esperando tu momento. Disponible para hasta 50 invitados.<\/p>\n<p style=\"text-align: left;\">\u00a0\u00a0<a class=\"btn btn-secondary\" href=\"https:\/\/www.conradpuntademita.com\/es\/reuniones-eventos\/tua-cesped\/\" target=\"_blank\" rel=\"noopener\">Ver detalles<\/a><\/p>","protected":false},"featured_media":7567,"parent":0,"menu_order":1,"template":"","meta":{"_acf_changed":false,"inline_featured_image":false},"venue_category":[38],"class_list":["post-7657","venue","type-venue","status-publish","has-post-thumbnail","hentry","venue_category-wedding"],"acf":[],"publishpress_future_workflow_manual_trigger":{"enabledWorkflows":[]},"_links":{"self":[{"href":"https:\/\/www.conradpuntademita.com\/es\/wp-json\/wp\/v2\/venue\/7657","targetHints":{"allow":["GET"]}}],"collection":[{"href":"https:\/\/www.conradpuntademita.com\/es\/wp-json\/wp\/v2\/venue"}],"about":[{"href":"https:\/\/www.conradpuntademita.com\/es\/wp-json\/wp\/v2\/types\/venue"}],"wp:featuredmedia":[{"embeddable":true,"href":"https:\/\/www.conradpuntademita.com\/es\/wp-json\/wp\/v2\/media\/7567"}],"wp:attachment":[{"href":"https:\/\/www.conradpuntademita.com\/es\/wp-json\/wp\/v2\/media?parent=7657"}],"wp:term":[{"taxonomy":"venue_category","embeddable":true,"href":"https:\/\/www.conradpuntademita.com\/es\/wp-json\/wp\/v2\/venue_category?post=7657"}],"curies":[{"name":"wp","href":"https:\/\/api.w.org\/{rel}","templated":true}]}}

césped tua

<section id="banner-block_985b8a24ef8d592125a7d9b819d58d2a" class="banner gradient-banner full-height-banner full-height single-room">
  <div class="banner-wrapper">
          <img decoding="async" src="https://cdn.conradpuntademita.com/wp-content/uploads/2024/02/14022933/CPM-Small-Intimate-Weddings-tag-%40avesolphotography-%40delcaboevents-Conrad-116-2000x1333-1.jpg" alt="CPM Bodas pequeñas + íntimas - etiqueta @avesolphotography @delcaboevents Conrad 116 2000x1333" class="banner__img banner__media">
      </div>

      <div class="banner-content">
              <h1 class="banner-title heading1">césped tua</h1>
      
              <h3 class="banner-subtitle heading5"> </h3>
              
      
</section>


<section id="responsive-spacer-block_9874c13c002089f1f5488ece1cdfa8e6" class="responsive-spacer">
</section>
<style>
  #responsive-spacer-block_9874c13c002089f1f5488ece1cdfa8e6 {
    width: 100%;
  }

  #responsive-spacer-block_9874c13c002089f1f5488ece1cdfa8e6 {
    height: 273px;
  }

  @media (min-width: 769px) {
    #responsive-spacer-block_9874c13c002089f1f5488ece1cdfa8e6 {
      height: 130px;
    }
  }

  @media (min-width: 1201px) {
    #responsive-spacer-block_9874c13c002089f1f5488ece1cdfa8e6 {
      height: 163px;
    }
  }

  </style>

<section id="two-columns-block_5ef81b9b4708e2981fae976a1e00a20d" class="two-columns normal-wrapper two-cta">
  <div class="row">
          <div class="col col-left a-right content">
        <p><!-- wp:acf/request-proposal {"id":"block_6267ae4fc2255","name":"acf/request-proposal","data":{"field_6267adfe17cd8":"request-proposal","field_6267ae0817cd9":"","field_6267adf517cd7":"\u003ch2\u003eRequest \u003cem\u003efor\u003c/em\u003e Proposal\u003c/h2\u003e","field_6267ae1417cda":"[contact-form-7 id=\u0022353\u0022 title=\u0022Request Proposal\u0022]"},"align":"","mode":"edit"} /--></p>
<p>Nuestro lugar más nuevo está construido alrededor de una experiencia mágica al atardecer con vistas al mar como telón de fondo. La naturaleza crea un impresionante abrazo montañoso cuando la hora mágica del atardecer cae detrás de la tierra o se sumerge en el océano, según la estación. Se le garantizará privacidad en este rincón del resort y podrá optar por una suite de luna de miel cercana en una de nuestras casas para saborear el lugar. Aquí experimentarás el lujo de la naturaleza.</p>
                      </div>
              <div class="col col-right a-left content">
        <p><h4>CARACTERÍSTICAS DEL LUGAR</h4>
<ul>
<li>Mirador del atardecer.</li>
<li>Sensación de isla aislada.</li>
</ul>
<p>&nbsp;</p>
<p>&nbsp;</p>
</p>
      </div>
      </div>
</section>

<section id="responsive-spacer-block_49dcdbff4759eb314a307793a2e07f1f" class="responsive-spacer">
</section>
<style>
  #responsive-spacer-block_49dcdbff4759eb314a307793a2e07f1f {
    width: 100%;
  }

  #responsive-spacer-block_49dcdbff4759eb314a307793a2e07f1f {
    height: 130px;
  }

  @media (min-width: 769px) {
    #responsive-spacer-block_49dcdbff4759eb314a307793a2e07f1f {
      height: 140px;
    }
  }

  @media (min-width: 1201px) {
    #responsive-spacer-block_49dcdbff4759eb314a307793a2e07f1f {
      height: 141px;
    }
  }

  </style>

  <section id="gallery" class="slider  slick-slider body-wrapper">
    <div class="container">
      <div class="slides slides-images">
                  <div class="slide">
            <div class="slide-img">
                              <!-- <a href="https://cdn.conradpuntademita.com/wp-content/uploads/2024/02/14022933/CPM-Small-Intimate-Weddings-tag-%40avesolphotography-%40delcaboevents-Conrad-116-2000x1333-1.jpg" data-fancybox="gallery" rel="gallery" data-caption=""> -->
                <img decoding="async" class="lazyload" src="https://cdn.conradpuntademita.com/wp-content/uploads/2024/02/14022933/CPM-Small-Intimate-Weddings-tag-%40avesolphotography-%40delcaboevents-Conrad-116-2000x1333-1-1209x665.jpg" alt="Una hermosa decoración para bodas se encuentra frente a un árbol de flores rosas y ofrece impresionantes vistas al mar.">
                <!-- </a> -->
                                          <svg class="slide-caption" width="22" height="24" viewbox="0 0 22 24" fill="none" xmlns="http://www.w3.org/2000/svg">
                <path d="M11 0L0 6V18.131L11 24L22 18.131V6.065L11 0ZM10 21.2L3.336 17.645L7.537 14.844C8.617 14.125 7.471 12.485 6.294 13.269L2 16.131V8.23L10 12.593V21.2ZM3.133 6.57L10 2.824V7.25C10 8.573 12 8.574 12 7.25V2.835L18.91 6.646L11.005 10.864L3.133 6.57ZM12 12.6L20 8.331V16.131L15.737 13.289C14.556 12.504 13.414 14.144 14.492 14.863L18.664 17.644L12 21.2V12.6Z" fill="white" />
              </svg>
            </div>

            <div class="slide-content">
                                        </div>
          </div>
                  <div class="slide">
            <div class="slide-img">
                              <!-- <a href="https://cdn.conradpuntademita.com/wp-content/uploads/2024/02/14022914/CPM-Small-Intimate-Weddings-tag-%40avesolphotography-%40delcaboevents-Conrad-119-2000x133-1.jpg" data-fancybox="gallery" rel="gallery" data-caption=""> -->
                <img decoding="async" class="lazyload" src="https://cdn.conradpuntademita.com/wp-content/uploads/2024/02/14022914/CPM-Small-Intimate-Weddings-tag-%40avesolphotography-%40delcaboevents-Conrad-119-2000x133-1-1209x665.jpg" alt="Una impresionante configuración de boda se coloca frente a un hermoso árbol de flores rosas para la celebración.">
                <!-- </a> -->
                                          <svg class="slide-caption" width="22" height="24" viewbox="0 0 22 24" fill="none" xmlns="http://www.w3.org/2000/svg">
                <path d="M11 0L0 6V18.131L11 24L22 18.131V6.065L11 0ZM10 21.2L3.336 17.645L7.537 14.844C8.617 14.125 7.471 12.485 6.294 13.269L2 16.131V8.23L10 12.593V21.2ZM3.133 6.57L10 2.824V7.25C10 8.573 12 8.574 12 7.25V2.835L18.91 6.646L11.005 10.864L3.133 6.57ZM12 12.6L20 8.331V16.131L15.737 13.289C14.556 12.504 13.414 14.144 14.492 14.863L18.664 17.644L12 21.2V12.6Z" fill="white" />
              </svg>
            </div>

            <div class="slide-content">
                                        </div>
          </div>
                  <div class="slide">
            <div class="slide-img">
                              <!-- <a href="https://cdn.conradpuntademita.com/wp-content/uploads/2024/02/07105611/CPM-Small-Intimate-Weddings-110-2000x1333-1.jpg" data-fancybox="gallery" rel="gallery" data-caption=""> -->
                <img decoding="async" class="lazyload" src="https://cdn.conradpuntademita.com/wp-content/uploads/2024/02/07105611/CPM-Small-Intimate-Weddings-110-2000x1333-1-1209x665.jpg" alt="Una hermosa configuración de boda en la arena de la playa cuenta con una impresionante vista del amanecer y del mar.">
                <!-- </a> -->
                                          <svg class="slide-caption" width="22" height="24" viewbox="0 0 22 24" fill="none" xmlns="http://www.w3.org/2000/svg">
                <path d="M11 0L0 6V18.131L11 24L22 18.131V6.065L11 0ZM10 21.2L3.336 17.645L7.537 14.844C8.617 14.125 7.471 12.485 6.294 13.269L2 16.131V8.23L10 12.593V21.2ZM3.133 6.57L10 2.824V7.25C10 8.573 12 8.574 12 7.25V2.835L18.91 6.646L11.005 10.864L3.133 6.57ZM12 12.6L20 8.331V16.131L15.737 13.289C14.556 12.504 13.414 14.144 14.492 14.863L18.664 17.644L12 21.2V12.6Z" fill="white" />
              </svg>
            </div>

            <div class="slide-content">
                                        </div>
          </div>
              </div>
    </div>
  </section>


<section id="responsive-spacer-block_bed62338d784dfa700c6c5cc70af8b38" class="responsive-spacer">
</section>
<style>
  #responsive-spacer-block_bed62338d784dfa700c6c5cc70af8b38 {
    width: 100%;
  }

  #responsive-spacer-block_bed62338d784dfa700c6c5cc70af8b38 {
    height: 80px;
  }

  @media (min-width: 769px) {
    #responsive-spacer-block_bed62338d784dfa700c6c5cc70af8b38 {
      height: 100px;
    }
  }

  @media (min-width: 1201px) {
    #responsive-spacer-block_bed62338d784dfa700c6c5cc70af8b38 {
      height: 141px;
    }
  }

  </style>


	<section class="media-content body-wrapper align-center not-link" id="catering">
	<div class="media-content__left">
				<h2 class="heading2 a-up">
			Catering					</h2>
							<h4 class="media-content__subheading a-up a-delay-1">Inspirado localmente</h4>
		
		
		
				<div class="media-content__text a-up a-delay-2"><p>Una colorida expresión de la rica historia y el misterio de Punta de Mita, nuestro personal culinario mezcla lo antiguo con lo nuevo en un viaje gastronómico a través de los sabores, tradiciones e historias de la región. Con la verdadera hospitalidad mexicana, permítanos personalizar completamente su experiencia gastronómica, desde cócteles personalizados hasta cenas privadas durante su estadía.</p></div>
		
			</div>

	<div class="media-content__right hover-images a-up a-delay-2">
		<span class="media-content__gradient media-content__gradient-left"></span>
		<span class="media-content__gradient media-content__gradient-right"></span>
		<span class="media-content__gradient media-content__gradient-top"></span>
		<span class="media-content__gradient media-content__gradient-bottom"></span>
							<img decoding="async" width="581" height="735" src="https://cdn.conradpuntademita.com/wp-content/uploads/2022/04/13124809/Screen-Shot-2022-02-15-at-9.41-1.jpg" class="hover-image is-hovered" alt="Bocadillos guardados en el plato" loading="lazy" srcset="https://cdn.conradpuntademita.com/wp-content/uploads/2022/04/13124809/Screen-Shot-2022-02-15-at-9.41-1.jpg 581w, https://cdn.conradpuntademita.com/wp-content/uploads/2022/04/13124809/Screen-Shot-2022-02-15-at-9.41-1-237x300.jpg 237w" sizes="auto, (max-width: 581px) 100vw, 581px" />					</div>

			<div class="media-content__bg">
		<img decoding="async" width="562" height="489" src="https://cdn.conradpuntademita.com/wp-content/uploads/2022/04/13124801/Group.png" class="media-content__bg-image" alt="Imagen de textura de flor transparente" loading="lazy" srcset="https://cdn.conradpuntademita.com/wp-content/uploads/2022/04/13124801/Group.png 562w, https://cdn.conradpuntademita.com/wp-content/uploads/2022/04/13124801/Group-300x261.png 300w" sizes="auto, (max-width: 562px) 100vw, 562px" />		</div>
		</section>


<section id="responsive-spacer-block_91d4c90b322baa002c219b5e525cc070" class="responsive-spacer">
</section>
<style>
  #responsive-spacer-block_91d4c90b322baa002c219b5e525cc070 {
    width: 100%;
  }

  #responsive-spacer-block_91d4c90b322baa002c219b5e525cc070 {
    height: 101px;
  }

  @media (min-width: 769px) {
    #responsive-spacer-block_91d4c90b322baa002c219b5e525cc070 {
      height: 140px;
    }
  }

  @media (min-width: 1201px) {
    #responsive-spacer-block_91d4c90b322baa002c219b5e525cc070 {
      height: 188px;
    }
  }

  </style>

<p>Permita que la naturaleza cree el entorno y la decoración. Enmarcado por palmeras danzantes, el abrazo montañoso de Punta Mita y mágicos atardeceres a lo largo del Pacífico, este rincón del paraíso está esperando tu momento. Disponible para hasta 50 invitados.</p>
<p style="text-align: left;">  <a class="btn btn-secondary" href="https://www.conradpuntademita.com/es/reuniones-eventos/tua-cesped/" target="_blank" rel="noopener">Ver detalles</a></p>
